 the remainder when 3748424 is divided by 554?
60
Calculate the remainder when 3532505 is divided by 1766244.
17
What is the remainder when 7912778 is divided by 51?
26
What is the remainder when 13282136 is divided by 4472?
296
Calculate the remainder when 306068 is divided by 61210.
18
What is the remainder when 205048 is divided by 16883?
2452
What is the remainder when 22799265 is divided by 415?
410
Calculate the remainder when 2194944 is divided by 315.
24
What is the remainder when 4790161 is divided by 1596701?
58
Calculate the remainder when 84655114 is divided by 39.
37
What is the remainder when 182893 is divided by 25778?
2447
What is the remainder when 20778 is divided by 459?
123
Calculate the remainder when 6616734 is divided by 1537.
1486
Calculate the remainder when 185645 is divided by 13256.
61
What is the remainder when 71256694 is divided by 21?
19
What is the remainder when 18691 is divided by 6488?
5715
What is the remainder when 142777 is divided by 1312?
1081
What is the remainder when 104384 is divided by 2959?
819
Calculate the remainder when 43142 is divided by 14098.
848
Calculate the remainder when 297043 is divided by 73393.
3471
What is the remainder when 80697709 is divided by 38?
35
Calculate the remainder when 1221541 is divided by 29046.
1609
Calculate the remainder when 2573363 is divided by 1341.
1325
What is the remainder when 5544473 is divided by 8801?
8644
What is the remainder when 5373899 is divided by 46?
41
Calculate the remainder when 57344771 is divided by 29.
26
What is the remainder when 11993972 is divided by 11993968?
4
What is the remainder when 727935 is divided by 205?
185
Calculate the remainder when 3397571 is divided by 12583.
161
Calculate the remainder when 1853169 is divided by 120.
9
What is the remainder when 50169310 is divided by 376?
6
What is the remainder when 30129534 is divided by 9571?
26
Calculate the remainder when 69234474 is divided by 42.
36
What is the remainder when 7433798 is divided by 13?
8
Calculate the remainder when 1038426 is divided by 207618.
336
Calculate the remainder when 1653531 is divided by 22.
11
Calculate the remainder when 57016 is divided by 2280.
16
What is the remainder when 2683805 is divided by 119?
117
What is the remainder when 553021 is divided by 184340?
1
Calculate the remainder when 167820685 is divided by 499.
498
What is the remainder when 173539 is divided by 7535?
234
What is the remainder when 449905 is divided by 448587?
1318
Calculate the remainder when 2242127 is divided by 217.
83
Calculate the remainder when 20494109 is divided by 3708.
3701
What is the remainder when 2544286 is divided by 18571?
59
Calculate the remainder when 560779 is divided by 5152.
4363
Calculate the remainder when 454707 is divided by 21647.
120
Calculate the remainder when 982515 is divided by 982502.
13
What is the remainder when 8432085 is divided by 562138?
15
Calculate the remainder when 106922 is divided by 26703.
110
Calculate the remainder when 1726995 is divided by 1111.
501
Calculate the remainder when 16535387 is divided by 230.
227
What is the remainder when 306846 is divided by 76700?
46
Calculate the remainder when 1506886 is divided by 1139.
1128
What is the remainder when 502702 is divided by 348?
190
Calculate the remainder when 758918 is divided by 189728.
6
What is the remainder when 7078879 is divided by 390?
379
What is the remainder when 2408040 is divided by 257?
207
What is the remainder when 888977 is divided by 2402?
237
What is the remainder when 1099175 is divided by 841?
829
Calculate the remainder when 14464319 is divided by 204.
107
What is the remainder when 12267349 is divided by 856?
13
What is the remainder when 157482147 is divided by 29?
25
Calculate the remainder when 44077 is divided by 22014.
49
What is the remainder when 113905127 is divided by 81?
11
What is the remainder when 10030059 is divided by 1611?
1584
What is the remainder when 15341748 is divided by 511?
506
What is the remainder when 57000 is divided by 1630?
1580
Calculate the remainder when 437624 is divided by 145859.
47
What is the remainder when 1715103122 is divided by 125?
122
What is the remainder when 91553 is divided by 6203?
4711
What is the remainder when 1194551388 is divided by 69?
66
Calculate the remainder when 3143 is divided by 1412.
319
Calculate the remainder when 196056 is divided by 1462.
148
Calculate the remainder when 22960919 is divided by 20.
19
What is the remainder when 5915111 is divided by 203969?
10
What is the remainder when 19917710 is divided by 5012?
22
What is the remainder when 3356751 is divided by 414?
39
Calculate the remainder when 4944909 is divided by 4566.
4497
What is the remainder when 9183 is divided by 1951?
1379
What is the remainder when 472094 is divided by 364?
350
Calculate the remainder when 16423008 is divided by 11631.
36
What is the remainder when 110590572 is divided by 8915?
8912
What is the remainder when 114084 is divided by 549?
441
What is the remainder when 1024541 is divided by 78806?
63
What is the remainder when 181258 is divided by 45281?
134
What is the remainder when 1523207 is divided by 430?
147
Calculate the remainder when 21648861 is divided by 81.
72
Calculate the remainder when 339009194 is divided by 35.
34
What is the remainder when 10876320 is divided by 906357?
36
Calculate the remainder when 7185543 is divided by 101.
100
Calculate the remainder when 70549 is divided by 10065.
94
What is the remainder when 14114742 is divided by 3651?
3627
Calculate the remainder when 443081 is divided by 221390.
301
Calculate the remainder when 106066 is divided by 2243.
645
Calculate the remainder when 90890146 is divided by 2891.
2888
What is the remainder when 5278106 is divided by 939?
926
Calculate the remainder when 119226 is divided by 945.
156
What is the remainder when 15642694 is divided by 432?
406
Calculate the remainder when 5457506 is divided by 90.
86
Calculate the remainder when 25279 is divided by 2210.
969
What is the remainder when 9744571 is divided by 506?
23
Calculate the remainder when 26400 is divided by 1218.
822
Calculate the remainder when 98006 is divided by 6896.
1462
Calculate the remainder when 15671 is divided by 149.
26
What is the remainder when 68150 is divided by 434?
12
Calculate the remainder when 463466 is divided by 9458.
24
Calculate the remainder when 99968 is divided by 1122.
110
What is the remainder when 12963330 is divided by 817?
808
Calculate the remainder when 10301690 is divided by 237.
11
What is the remainder when 373336 is divided by 373327?
9
Calculate the remainder when 9053 is divided by 1560.
1253
What is the remainder when 52653 is divided by 15?
3
What is the remainder when 24494479 is divided by 849?
829
Calculate the remainder when 48576 is divided by 1799.
3
What is the remainder when 2181328 is divided by 53203?
5
What is the remainder when 7515779 is divided by 493?
487
What is the remainder when 38603 is divided by 6431?
17
Calculate the remainder when 77682 is divided by 114.
48
Calculate the remainder when 1883995135 is divided by 11776.
11775
What is the remainder when 27122626 is divided by 291641?
13
What is the remainder when 291549313 is divided by 446?
5
Calculate the remainder when 651586 is divided by 326.
238
Calculate the remainder when 6258120 is divided by 10344.
0
Calculate the remainder when 4613014 is divided by 4688.
22
What is the remainder when 106852978 is divided by 1201?
8
Calculate the remainder when 3029 is divided by 2338.
691
Calculate the remainder when 11778 is divided by 1744.
1314
Calculate the remainder when 55013 is divided by 4190.
543
What is the remainder when 201189254 is divided by 12?
2
Calculate the remainder when 1682744 is divided by 168.
56
What is the remainder when 866566 is divided by 39?
25
Calculate the remainder when 6048246 is divided by 109.
54
Calculate the remainder when 28560311 is divided by 72.
71
Calculate the remainder when 518678 is divided by 103559.
883
What is the remainder when 21147 is divided by 230?
217
Calculate the remainder when 1026859 is divided by 10267.
159
What is the remainder when 176876 is divided by 6090?
266
Calculate the remainder when 75436